et t(b) = -b**3 - 9*b**2 - 9*b - 12. What are the prime factors of t(-9)?
3, 23
Suppose 2*g + 1 = c, 5*g - c = 2*c - 5. Suppose -3*n = -g*f - 39, -3*n - 5*f = -3*f - 39. List the prime factors of n.
13
What are the prime factors of (1/(-2))/(8/(-480))?
2, 3, 5
Suppose 0 = -4*a + 1 - 17. Let c(j) = 2*j**2 + 2*j - 2. Let q be c(a). Let v = q + -15. List the prime factors of v.
7
Let d = 5 - -19. Suppose 2*h + h = d. Let i(z) = z + 1. List the prime factors of i(h).
3
Let p = -3 - -6. List the prime factors of 2 + -18*(-4)/p.
2, 13
Let z be 2/6 - (-44)/12. Suppose 0 = -0*i + i - 3*p - 12, -i + p = -z. Suppose i*u + 4*u - 28 = 0. List the prime factors of u.
7
Let a = -7 + 5. Let r(u) = -u**3 - 2*u**2 + 1. Let s be r(a). Let x(z) = 12*z**2 - z. List the prime factors of x(s).
11
Suppose -g = -5*p - 26, 2*g - 23 = 3*p + 1. Let j = 3 + g. Suppose -j = -2*b - 1. What are the prime factors of b?
2
Suppose -546 = -3*y - 3*c, -5*y = -5*c - 318 - 612. List the prime factors of y.
2, 23
Let o(c) be the third derivative of c**4/24 - c**3/2 - 2*c**2. Let q be o(5). Suppose -4*r - 16 = -2*j, -q*r = 5*j - j - 22. What are the prime factors of j?
2, 3
Suppose -2*y + 3*v = -761, -4*y - 5*v + 1533 = -0*v. Let z = -212 + y. What are the prime factors of 2/9 + z/45?
2
Let l(b) = b**2 + 6*b + 2. Let p be l(-6). Let j = p - -2. Suppose j*q - 3*y = 38, -3*y + 0*y = -5*q + 49. What are the prime factors of q?
11
Let m be 6/(-8) - 7/28. List the prime factors of (-3)/(4 + m) - -34.
3, 11
Suppose 0 = -4*b + 2*j + 14, 0*b - j - 13 = -5*b. Suppose b*w = -2*w + 20. Suppose 39 + w = 4*v. What are the prime factors of v?
11
Let a = 128 + -74. What are the prime factors of a?
2, 3
Let h be (-6)/(-27) - (-88)/9. Suppose 3*m + 4 - h = 0. List the prime factors of m.
2
Let j be (4/5)/((-3)/(-15)). Suppose 2*p - 8 = p. Suppose j*a + p = 6*a. What are the prime factors of a?
2
Suppose 4*y = -11*y + 3555. List the prime factors of y.
3, 79
Let p(g) be the second derivative of g**4/4 + g**3/2 + g**2 - g. Let i = -13 + 11. List the prime factors of p(i).
2
Suppose -3*n - 3*i - 5 = -20, -5*i = 4*n - 22. Suppose n*p + 40 = 2*y, y - 19 = 5*p + 1. What are the prime factors of (1/(-2))/((-1)/y)?
2, 5
Let k(v) = v**3 - 7*v**2 + 5*v + 7. Let h be k(6). Let l = 2 - h. Let f(q) = 13*q**3 + q**2 + q - 1. What are the prime factors of f(l)?
2, 7
Let p = -12 - -3. What are the prime factors of (-2)/p + (-388)/(-36)?
11
Let r(c) = 1 - 7*c + 4*c - 2. Let p be r(-3). What are the prime factors of 110/8 + 2/p?
2, 7
Let u(d) = -d**2 + d + 3. Let l be u(0). Suppose -2*r + 10 = 0, l*r + 11 = -4*h - 30. List the prime factors of (-42)/12*24/h.
2, 3
Suppose -2*g + c = -7, 0 = 7*g - 6*g - 5*c + 1. List the prime factors of g.
2
Let l = 39 - 19. Let c = l + -9. What are the prime factors of c?
11
Let y be 8/3*(-1620)/(-16). Suppose -y = o - 6*o. List the prime factors of o.
2, 3
Suppose -q + 34 + 22 = 0. What are the prime factors of q?
2, 7
Let p(v) = v**3 - 6*v**2 - 8*v + 3. Let q be p(7). Let f = 4 + q. Suppose 7 = -f*u + u. List the prime factors of u.
7
Let n = 85 - -5. What are the prime factors of n?
2, 3, 5
Let o(m) = 3*m + 1. Suppose -4*s = 2*c - 7*c - 5, -4*c - 8 = -4*s. What are the prime factors of o(c)?
2, 5
Let q(r) be the third derivative of r**4/6 - 5*r**3/6 - r**2. What are the prime factors of q(4)?
11
Suppose -3*c = -4*c - 2. Let u = c + 17. What are the prime factors of u?
3, 5
Let z(h) = h**3 + 7*h**2 + 2*h - 3. Let y(r) = -3*r - 2. Let s be y(-2). Suppose -c = -s*c - 18. What are the prime factors of z(c)?
3, 7
Suppose -2*w = -2*p + 154, w + 46 = 2*p - 103. List the prime factors of p.
2, 3
Let f be -4 + (0 - -1) - -5. Suppose 0*q + c = 3*q - 58, 24 = q + f*c. List the prime factors of q.
2, 5
Suppose 5*c = h + 93, 7*c - 2*c - 2*h = 96. List the prime factors of c.
2, 3
Suppose 2*i - i = 5*m - 23, 0 = -m - 2*i - 2. Let s = m + 23. What are the prime factors of s?
3
Let v(y) = -2*y + 2. Let h be v(5). Let z(t) = -11*t + 4. Let c be z(h). List the prime factors of (-1)/(c/(-30) - -3).
3, 5
Suppose -5*z + 93 = 5*o - 62, -55 = -2*z + 5*o. Let h = z + -17. List the prime factors of h.
13
What are the prime factors of 16/(-56) + 37/7?
5
Let l be 39*((-1)/3 - -1). Let y = l - 18. Suppose -3*p + 1 + y = 0. What are the prime factors of p?
3
Let d be 5*(2 - 1/1). Suppose 4*x - f - 7 = 3*x, -x = -d*f - 15. What are the prime factors of x + 2 + 0/(-3)?
7
Suppose 5*f + 1 = -4*a, 0 = 2*a + a + 3*f. What are the prime factors of (47 - 2)*a + 1?
2, 23
Let t(p) = -6*p - 9. What are the prime factors of t(-8)?
3, 13
What are the prime factors of (-3)/(-18) - (-1375)/30?
2, 23
Let o = 10 - 7. Suppose -2*y + 1 = -3*b, 0 = -o*y - 4*b + 60 - 16. List the prime factors of y.
2
Suppose -6*v = -5*v - 56. List the prime factors of v.
2, 7
Let w = -16 - -56. What are the prime factors of w?
2, 5
Suppose 9*s - 20 = 4*s. Suppose -3*z = -5*z + s. Suppose 24 = -0*r + z*r. List the prime factors of r.
2, 3
Let r(c) = c**2 + 6*c + 5. Let g be r(-9). Suppose -2 + g = 3*v. Let i = v + -3. List the prime factors of i.
7
Let y(i) = 2*i**3 - 6*i**2 - 2*i. Let r be y(5). Suppose 0 = -2*p - 3*p + r. What are the prime factors of p?
2, 3
Suppose -3*i = -2*a - 3*a - 82, 3*i - 90 = -3*a. Let k = i - 5. Suppose 0 = 3*l - 0*l - k. List the prime factors of l.
2
Let i be -1 - (-3 - -6 - 7). Suppose -3*b + 9 = 2*y - 2*b, 0 = -5*y + b + 12. Suppose 46 = 5*j - y*k, 7*j = 4*j + i*k + 24. What are the prime factors of j?
11
Suppose -2*f - 21 = 4*t - 405, 3*t - 939 = -5*f. Let j be f/5 + 1/(-5). Suppose 0 = -4*i + 3*n + j, 1 = n - 0. List the prime factors of i.
2, 5
Let f(h) = h - 3. Let x be f(3). Suppose 0 = 2*k - 4*u - x*u - 42, 0 = u + 5. List the prime factors of k.
11
List the prime factors of 4/(-10) + 0 + (-7422)/(-30).
13, 19
Let h be ((-3)/2)/((-6)/8). Suppose h*u = 2 + 2. List the prime factors of (-2)/u + 2 - -10.
11
Let k(q) = q**3 - 2*q**2 + 2*q + 1. Let y(i) = -i**3 + 2*i**2 - i - 1. Let x(r) = 3*k(r) + 4*y(r). What are the prime factors of x(2)?
3
Suppose -s - 24 + 80 = 0. List the prime factors of s.
2, 7
Suppose -531 = -0*j - 3*j - 2*q, 4*j - 3*q = 691. What are the prime factors of j?
5, 7
Let n(z) = -3 - 5 - 2*z + 4*z. What are the prime factors of n(7)?
2, 3
Suppose 2*s = 5*y - 427, -y + 2*s + 71 = -2*s. What are the prime factors of y?
3, 29
Let v(b) = b**2 + 5*b + 6. Let l be v(-4). Let a(f) = -2 - f**3 + 3*f**l + 4*f**2 - 5*f - 1. What are the prime factors of a(6)?
3
Suppose b + 5 = 2*b. Suppose -b*h = -5*f - 220, 0 = 4*h - 0*f + f - 171. List the prime factors of h.
43
Let i(x) = x**2 - 6*x - 4. Let h be i(7). Suppose 5*g + h*y - 116 = 0, -g = -0*g - 3*y - 16. List the prime factors of g.
2, 11
Suppose 3 = -i - 2*m, 5*i - 3 = i - 3*m. List the prime factors of i.
3
Suppose 0*b + 3*b + 5*p = 3, 3*b + p - 15 = 0. What are the prime factors of (-8)/b*(-45)/6?
2, 5
Let w(n) = -n**3 - 4*n**2 - 3*n + 2. Let q be w(-3). Suppose -4*i = -q - 2. List the prime factors of 2 - i*-5 - 2.
5
Let k be (-1 - -1)/(4/2). Suppose k = -4*u + 3*u + 3. Suppose u*p - 24 = p. List the prime factors of p.
2, 3
Let l = 15 - 17. List the prime factors of (-65)/l + (-10)/(-20).
3, 11
Let b = 94 + 182. Suppose -101 = 5*x - b. What are the prime factors of x?
5, 7
Let r(p) be the first derivative of -p**4/24 + 2*p**3 - p**2 + 2. Let v(q) be the second derivative of r(q). List the prime factors of v(9).
3
Let h(i) = i**3 - i**2 - i. Let z be h(2). Suppose 24 = -0*d + z*d. What are the prime factors of d?
2, 3
Let t(o) = -128*o**3 + o**2 + 2*o. What are the prime factors of t(-1)?
127
Suppose 1088 = -0*k + 8*k. List the prime factors of k.
2, 17
Let z(i) = i**3 - 5*i**2 + 6*i - 3. Let v be z(4). Let s(n) = n**2 - 7*n - 7. Let c be s(v). Let w = c + 28. List the prime factors of w.
11
Let x = 320 + -139. What are the prime factors of x?
181
Suppose 6 = p - 9. Suppose -5 = -n, -4*w + p = n - 10. List the prime factors of w.
5
Let p be -2 - (-5 - -2) - -12. Suppose 0 = 3*u - 3. List the prime factors of 1 + u*-2 + p.
2, 3
Suppose -z - 5*n + 23 = 0, -n - 12 = -2*z + 23. List the prime factors of z.
2, 3
Suppose -5*z = 2*o - 29, -o + z = o + 1. Let b be (-1)/o + 70/4. Suppose -15 - b = -4*t. List the prime factors of t.
2
Let v be (-1)/3 +